{"id":26037,"date":"2025-10-02T17:31:04","date_gmt":"2025-10-02T15:31:04","guid":{"rendered":"https:\/\/rocioraisa.com\/?post_type=product&#038;p=26037"},"modified":"2026-04-29T12:14:47","modified_gmt":"2026-04-29T10:14:47","slug":"el-despertar-del-otono-18-oct-25","status":"publish","type":"product","link":"https:\/\/almadetribu.es\/en\/product\/el-despertar-del-otono-18-oct-25\/","title":{"rendered":"LA RECONQUISTA, 7 DE MARZO DEL 26"},"content":{"rendered":"<p class=\"p1\"><span class=\"s1\">Qu\u00e9 es:<\/span><span class=\"s2\"> Master Class RaisaFlow para resetear cuerpo y mente: movilidad, fuerza el\u00e1stica, respiraci\u00f3n y foco.<\/span><\/p>\n<p class=\"p1\"><span class=\"s1\">Cu\u00e1ndo:<\/span><span class=\"s2\"> S\u00e1bado 18 de octubre \u00b7 11:00\u201313:30.<\/span><\/p>\n<p class=\"p1\"><span class=\"s1\">D\u00f3nde:<\/span><span class=\"s2\"> Torrelodones\u00a0<\/span><\/p>\n<p class=\"p1\"><span class=\"s1\">Para qui\u00e9n:<\/span><span class=\"s2\"> Todos los niveles.<\/span><\/p>\n<p class=\"p1\"><span class=\"s1\">Te llevas:<\/span><span class=\"s2\"> t\u00e9cnica clara, secuencia entrenable y un chute de motivaci\u00f3n para tu oto\u00f1o.<\/span><\/p>\n<p class=\"p1\"><span class=\"s1\">Material:<\/span><span class=\"s2\"> esterilla, agua y una toalla.<\/span><\/p>\n<p class=\"p1\"><span class=\"s1\">Plazas limitadas:<\/span><span class=\"s2\"> reserva ahora para asegurar tu sitio.<\/span><\/p>","protected":false},"excerpt":{"rendered":"<p class=\"p1\"><span class=\"s1\">S\u00e1bado 18 de octubre \u00b7 11:00\u201313:30. Movilidad + fuerza el\u00e1stica + respiraci\u00f3n. Solo 20 plazas. \u00a1Reserva tu sitio hoy!<\/span><\/p>","protected":false},"featured_media":27208,"template":"","meta":[],"product_brand":[],"product_cat":[143,145],"product_tag":[238],"class_list":{"0":"post-26037","1":"product","2":"type-product","3":"status-publish","4":"has-post-thumbnail","6":"product_cat-clases-grupales","7":"product_cat-presencial","8":"product_tag-master-class","10":"first","11":"instock","12":"taxable","13":"shipping-taxable","14":"purchasable","15":"product-type-simple"},"bundle_layout":"","bundled_by":[],"bundled_items":[],"yoast_head":"<!-- This site is optimized with the Yoast SEO plugin v27.5 - https:\/\/yoast.com\/product\/yoast-seo-wordpress\/ -->\n<title>LA RECONQUISTA, 7 DE MARZO DEL 26 - ALMA DE TRIBU<\/title>\n<meta name=\"robots\" content=\"index, follow, max-snippet:-1, max-image-preview:large, max-video-preview:-1\" \/>\n<link rel=\"canonical\" href=\"https:\/\/almadetribu.es\/en\/product\/el-despertar-del-otono-18-oct-25\/\" \/>\n<meta property=\"og:locale\" content=\"en_GB\" \/>\n<meta property=\"og:type\" content=\"article\" \/>\n<meta property=\"og:title\" content=\"LA RECONQUISTA, 7 DE MARZO DEL 26 - ALMA DE TRIBU\" \/>\n<meta property=\"og:description\" content=\"S\u00e1bado 18 de octubre \u00b7 11:00\u201313:30. Movilidad + fuerza el\u00e1stica + respiraci\u00f3n. Solo 20 plazas. \u00a1Reserva tu sitio hoy!\" \/>\n<meta property=\"og:url\" content=\"https:\/\/almadetribu.es\/en\/product\/el-despertar-del-otono-18-oct-25\/\" \/>\n<meta property=\"og:site_name\" content=\"ALMA DE TRIBU\" \/>\n<meta property=\"article:modified_time\" content=\"2026-04-29T10:14:47+00:00\" \/>\n<meta property=\"og:image\" content=\"https:\/\/almadetribu.es\/wp-content\/uploads\/2025\/10\/La-Reconquista_070326_Flyer-pequeno-1024x1024.png\" \/>\n\t<meta property=\"og:image:width\" content=\"1024\" \/>\n\t<meta property=\"og:image:height\" content=\"1024\" \/>\n\t<meta property=\"og:image:type\" content=\"image\/png\" \/>\n<meta name=\"twitter:card\" content=\"summary_large_image\" \/>\n<meta name=\"twitter:label1\" content=\"Estimated reading time\" \/>\n\t<meta name=\"twitter:data1\" content=\"1 minute\" \/>\n<script type=\"application\/ld+json\" class=\"yoast-schema-graph\">{\"@context\":\"https:\\\/\\\/schema.org\",\"@graph\":[{\"@type\":\"WebPage\",\"@id\":\"https:\\\/\\\/almadetribu.es\\\/producto\\\/el-despertar-del-otono-18-oct-25\\\/\",\"url\":\"https:\\\/\\\/almadetribu.es\\\/producto\\\/el-despertar-del-otono-18-oct-25\\\/\",\"name\":\"LA RECONQUISTA, 7 DE MARZO DEL 26 - ALMA DE TRIBU\",\"isPartOf\":{\"@id\":\"https:\\\/\\\/almadetribu.es\\\/#website\"},\"primaryImageOfPage\":{\"@id\":\"https:\\\/\\\/almadetribu.es\\\/producto\\\/el-despertar-del-otono-18-oct-25\\\/#primaryimage\"},\"image\":{\"@id\":\"https:\\\/\\\/almadetribu.es\\\/producto\\\/el-despertar-del-otono-18-oct-25\\\/#primaryimage\"},\"thumbnailUrl\":\"https:\\\/\\\/almadetribu.es\\\/wp-content\\\/uploads\\\/2025\\\/10\\\/La-Reconquista_070326_Flyer-pequeno-scaled.png\",\"datePublished\":\"2025-10-02T15:31:04+00:00\",\"dateModified\":\"2026-04-29T10:14:47+00:00\",\"breadcrumb\":{\"@id\":\"https:\\\/\\\/almadetribu.es\\\/producto\\\/el-despertar-del-otono-18-oct-25\\\/#breadcrumb\"},\"inLanguage\":\"en-GB\",\"potentialAction\":[{\"@type\":\"ReadAction\",\"target\":[\"https:\\\/\\\/almadetribu.es\\\/producto\\\/el-despertar-del-otono-18-oct-25\\\/\"]}]},{\"@type\":\"ImageObject\",\"inLanguage\":\"en-GB\",\"@id\":\"https:\\\/\\\/almadetribu.es\\\/producto\\\/el-despertar-del-otono-18-oct-25\\\/#primaryimage\",\"url\":\"https:\\\/\\\/almadetribu.es\\\/wp-content\\\/uploads\\\/2025\\\/10\\\/La-Reconquista_070326_Flyer-pequeno-scaled.png\",\"contentUrl\":\"https:\\\/\\\/almadetribu.es\\\/wp-content\\\/uploads\\\/2025\\\/10\\\/La-Reconquista_070326_Flyer-pequeno-scaled.png\",\"width\":2560,\"height\":2560},{\"@type\":\"BreadcrumbList\",\"@id\":\"https:\\\/\\\/almadetribu.es\\\/producto\\\/el-despertar-del-otono-18-oct-25\\\/#breadcrumb\",\"itemListElement\":[{\"@type\":\"ListItem\",\"position\":1,\"name\":\"Portada\",\"item\":\"https:\\\/\\\/almadetribu.es\\\/\"},{\"@type\":\"ListItem\",\"position\":2,\"name\":\"SHOP\",\"item\":\"https:\\\/\\\/almadetribu.es\\\/shop\\\/\"},{\"@type\":\"ListItem\",\"position\":3,\"name\":\"LA RECONQUISTA, 7 DE MARZO DEL 26\"}]},{\"@type\":\"WebSite\",\"@id\":\"https:\\\/\\\/almadetribu.es\\\/#website\",\"url\":\"https:\\\/\\\/almadetribu.es\\\/\",\"name\":\"ALMA DE TRIBU\",\"description\":\"YOGA FLOW SECRET CLUB\",\"publisher\":{\"@id\":\"https:\\\/\\\/almadetribu.es\\\/#organization\"},\"potentialAction\":[{\"@type\":\"SearchAction\",\"target\":{\"@type\":\"EntryPoint\",\"urlTemplate\":\"https:\\\/\\\/almadetribu.es\\\/?s={search_term_string}\"},\"query-input\":{\"@type\":\"PropertyValueSpecification\",\"valueRequired\":true,\"valueName\":\"search_term_string\"}}],\"inLanguage\":\"en-GB\"},{\"@type\":\"Organization\",\"@id\":\"https:\\\/\\\/almadetribu.es\\\/#organization\",\"name\":\"Roc\u00edo Meg\u00eda Metta Coach\",\"url\":\"https:\\\/\\\/almadetribu.es\\\/\",\"logo\":{\"@type\":\"ImageObject\",\"inLanguage\":\"en-GB\",\"@id\":\"https:\\\/\\\/almadetribu.es\\\/#\\\/schema\\\/logo\\\/image\\\/\",\"url\":\"https:\\\/\\\/rociomegia.com\\\/wp-content\\\/uploads\\\/2020\\\/09\\\/logo-rocio-verde.png\",\"contentUrl\":\"https:\\\/\\\/rociomegia.com\\\/wp-content\\\/uploads\\\/2020\\\/09\\\/logo-rocio-verde.png\",\"width\":220,\"height\":60,\"caption\":\"Roc\u00edo Meg\u00eda Metta Coach\"},\"image\":{\"@id\":\"https:\\\/\\\/almadetribu.es\\\/#\\\/schema\\\/logo\\\/image\\\/\"},\"sameAs\":[\"https:\\\/\\\/www.instagram.com\\\/rociomegia_mettacoach\\\/\"]}]}<\/script>\n<!-- \/ Yoast SEO plugin. -->","yoast_head_json":{"title":"LA RECONQUISTA, 7 DE MARZO DEL 26 - ALMA DE TRIBU","robots":{"index":"index","follow":"follow","max-snippet":"max-snippet:-1","max-image-preview":"max-image-preview:large","max-video-preview":"max-video-preview:-1"},"canonical":"https:\/\/almadetribu.es\/en\/product\/el-despertar-del-otono-18-oct-25\/","og_locale":"en_GB","og_type":"article","og_title":"LA RECONQUISTA, 7 DE MARZO DEL 26 - ALMA DE TRIBU","og_description":"S\u00e1bado 18 de octubre \u00b7 11:00\u201313:30. Movilidad + fuerza el\u00e1stica + respiraci\u00f3n. Solo 20 plazas. \u00a1Reserva tu sitio hoy!","og_url":"https:\/\/almadetribu.es\/en\/product\/el-despertar-del-otono-18-oct-25\/","og_site_name":"ALMA DE TRIBU","article_modified_time":"2026-04-29T10:14:47+00:00","og_image":[{"width":1024,"height":1024,"url":"https:\/\/almadetribu.es\/wp-content\/uploads\/2025\/10\/La-Reconquista_070326_Flyer-pequeno-1024x1024.png","type":"image\/png"}],"twitter_card":"summary_large_image","twitter_misc":{"Estimated reading time":"1 minute"},"schema":{"@context":"https:\/\/schema.org","@graph":[{"@type":"WebPage","@id":"https:\/\/almadetribu.es\/producto\/el-despertar-del-otono-18-oct-25\/","url":"https:\/\/almadetribu.es\/producto\/el-despertar-del-otono-18-oct-25\/","name":"LA RECONQUISTA, 7 DE MARZO DEL 26 - ALMA DE TRIBU","isPartOf":{"@id":"https:\/\/almadetribu.es\/#website"},"primaryImageOfPage":{"@id":"https:\/\/almadetribu.es\/producto\/el-despertar-del-otono-18-oct-25\/#primaryimage"},"image":{"@id":"https:\/\/almadetribu.es\/producto\/el-despertar-del-otono-18-oct-25\/#primaryimage"},"thumbnailUrl":"https:\/\/almadetribu.es\/wp-content\/uploads\/2025\/10\/La-Reconquista_070326_Flyer-pequeno-scaled.png","datePublished":"2025-10-02T15:31:04+00:00","dateModified":"2026-04-29T10:14:47+00:00","breadcrumb":{"@id":"https:\/\/almadetribu.es\/producto\/el-despertar-del-otono-18-oct-25\/#breadcrumb"},"inLanguage":"en-GB","potentialAction":[{"@type":"ReadAction","target":["https:\/\/almadetribu.es\/producto\/el-despertar-del-otono-18-oct-25\/"]}]},{"@type":"ImageObject","inLanguage":"en-GB","@id":"https:\/\/almadetribu.es\/producto\/el-despertar-del-otono-18-oct-25\/#primaryimage","url":"https:\/\/almadetribu.es\/wp-content\/uploads\/2025\/10\/La-Reconquista_070326_Flyer-pequeno-scaled.png","contentUrl":"https:\/\/almadetribu.es\/wp-content\/uploads\/2025\/10\/La-Reconquista_070326_Flyer-pequeno-scaled.png","width":2560,"height":2560},{"@type":"BreadcrumbList","@id":"https:\/\/almadetribu.es\/producto\/el-despertar-del-otono-18-oct-25\/#breadcrumb","itemListElement":[{"@type":"ListItem","position":1,"name":"Portada","item":"https:\/\/almadetribu.es\/"},{"@type":"ListItem","position":2,"name":"SHOP","item":"https:\/\/almadetribu.es\/shop\/"},{"@type":"ListItem","position":3,"name":"LA RECONQUISTA, 7 DE MARZO DEL 26"}]},{"@type":"WebSite","@id":"https:\/\/almadetribu.es\/#website","url":"https:\/\/almadetribu.es\/","name":"ALMA DE TRIBU","description":"YOGA FLOW SECRET CLUB","publisher":{"@id":"https:\/\/almadetribu.es\/#organization"},"potentialAction":[{"@type":"SearchAction","target":{"@type":"EntryPoint","urlTemplate":"https:\/\/almadetribu.es\/?s={search_term_string}"},"query-input":{"@type":"PropertyValueSpecification","valueRequired":true,"valueName":"search_term_string"}}],"inLanguage":"en-GB"},{"@type":"Organization","@id":"https:\/\/almadetribu.es\/#organization","name":"Roc\u00edo Meg\u00eda Metta Coach","url":"https:\/\/almadetribu.es\/","logo":{"@type":"ImageObject","inLanguage":"en-GB","@id":"https:\/\/almadetribu.es\/#\/schema\/logo\/image\/","url":"https:\/\/rociomegia.com\/wp-content\/uploads\/2020\/09\/logo-rocio-verde.png","contentUrl":"https:\/\/rociomegia.com\/wp-content\/uploads\/2020\/09\/logo-rocio-verde.png","width":220,"height":60,"caption":"Roc\u00edo Meg\u00eda Metta Coach"},"image":{"@id":"https:\/\/almadetribu.es\/#\/schema\/logo\/image\/"},"sameAs":["https:\/\/www.instagram.com\/rociomegia_mettacoach\/"]}]}},"_links":{"self":[{"href":"https:\/\/almadetribu.es\/en\/wp-json\/wp\/v2\/product\/26037","targetHints":{"allow":["GET"]}}],"collection":[{"href":"https:\/\/almadetribu.es\/en\/wp-json\/wp\/v2\/product"}],"about":[{"href":"https:\/\/almadetribu.es\/en\/wp-json\/wp\/v2\/types\/product"}],"wp:featuredmedia":[{"embeddable":true,"href":"https:\/\/almadetribu.es\/en\/wp-json\/wp\/v2\/media\/27208"}],"wp:attachment":[{"href":"https:\/\/almadetribu.es\/en\/wp-json\/wp\/v2\/media?parent=26037"}],"wp:term":[{"taxonomy":"product_brand","embeddable":true,"href":"https:\/\/almadetribu.es\/en\/wp-json\/wp\/v2\/product_brand?post=26037"},{"taxonomy":"product_cat","embeddable":true,"href":"https:\/\/almadetribu.es\/en\/wp-json\/wp\/v2\/product_cat?post=26037"},{"taxonomy":"product_tag","embeddable":true,"href":"https:\/\/almadetribu.es\/en\/wp-json\/wp\/v2\/product_tag?post=26037"}],"curies":[{"name":"wp","href":"https:\/\/api.w.org\/{rel}","templated":true}]}}

<p class="p1"><span class="s1">Qué es:</span><span class="s2"> Master Class RaisaFlow para resetear cuerpo y mente: movilidad, fuerza elástica, respiración y foco.</span></p>
<p class="p1"><span class="s1">Cuándo:</span><span class="s2"> Sábado 18 de octubre · 11:00–13:30.</span></p>
<p class="p1"><span class="s1">Dónde:</span><span class="s2"> Torrelodones </span></p>
<p class="p1"><span class="s1">Para quién:</span><span class="s2"> Todos los niveles.</span></p>
<p class="p1"><span class="s1">Te llevas:</span><span class="s2"> técnica clara, secuencia entrenable y un chute de motivación para tu otoño.</span></p>
<p class="p1"><span class="s1">Material:</span><span class="s2"> esterilla, agua y una toalla.</span></p>
<p class="p1"><span class="s1">Plazas limitadas:</span><span class="s2"> reserva ahora para asegurar tu sitio.</span></p>

<p class="p1"><span class="s1">Sábado 18 de octubre · 11:00–13:30. Movilidad + fuerza elástica + respiración. Solo 20 plazas. ¡Reserva tu sitio hoy!</span></p>

<!-- This site is optimized with the Yoast SEO plugin v27.5 - https://yoast.com/product/yoast-seo-wordpress/ -->
<title>LA RECONQUISTA, 7 DE MARZO DEL 26 - ALMA DE TRIBU</title>
<meta name="robots" content="index, follow, max-snippet:-1, max-image-preview:large, max-video-preview:-1" />
<link rel="canonical" href="https://almadetribu.es/en/product/el-despertar-del-otono-18-oct-25/" />
<meta property="og:locale" content="en_GB" />
<meta property="og:type" content="article" />
<meta property="og:title" content="LA RECONQUISTA, 7 DE MARZO DEL 26 - ALMA DE TRIBU" />
<meta property="og:description" content="Sábado 18 de octubre · 11:00–13:30. Movilidad + fuerza elástica + respiración. Solo 20 plazas. ¡Reserva tu sitio hoy!" />
<meta property="og:url" content="https://almadetribu.es/en/product/el-despertar-del-otono-18-oct-25/" />
<meta property="og:site_name" content="ALMA DE TRIBU" />
<meta property="article:modified_time" content="2026-04-29T10:14:47+00:00" />
<meta property="og:image" content="https://almadetribu.es/wp-content/uploads/2025/10/La-Reconquista_070326_Flyer-pequeno-1024x1024.png" />
	<meta property="og:image:width" content="1024" />
	<meta property="og:image:height" content="1024" />
	<meta property="og:image:type" content="image/png" />
<meta name="twitter:card" content="summary_large_image" />
<meta name="twitter:label1" content="Estimated reading time" />
	<meta name="twitter:data1" content="1 minute" />
<script type="application/ld+json" class="yoast-schema-graph">{"@context":"https:\/\/schema.org","@graph":[{"@type":"WebPage","@id":"https:\/\/almadetribu.es\/producto\/el-despertar-del-otono-18-oct-25\/","url":"https:\/\/almadetribu.es\/producto\/el-despertar-del-otono-18-oct-25\/","name":"LA RECONQUISTA, 7 DE MARZO DEL 26 - ALMA DE TRIBU","isPartOf":{"@id":"https:\/\/almadetribu.es\/#website"},"primaryImageOfPage":{"@id":"https:\/\/almadetribu.es\/producto\/el-despertar-del-otono-18-oct-25\/#primaryimage"},"image":{"@id":"https:\/\/almadetribu.es\/producto\/el-despertar-del-otono-18-oct-25\/#primaryimage"},"thumbnailUrl":"https:\/\/almadetribu.es\/wp-content\/uploads\/2025\/10\/La-Reconquista_070326_Flyer-pequeno-scaled.png","datePublished":"2025-10-02T15:31:04+00:00","dateModified":"2026-04-29T10:14:47+00:00","breadcrumb":{"@id":"https:\/\/almadetribu.es\/producto\/el-despertar-del-otono-18-oct-25\/#breadcrumb"},"inLanguage":"en-GB","potentialAction":[{"@type":"ReadAction","target":["https:\/\/almadetribu.es\/producto\/el-despertar-del-otono-18-oct-25\/"]}]},{"@type":"ImageObject","inLanguage":"en-GB","@id":"https:\/\/almadetribu.es\/producto\/el-despertar-del-otono-18-oct-25\/#primaryimage","url":"https:\/\/almadetribu.es\/wp-content\/uploads\/2025\/10\/La-Reconquista_070326_Flyer-pequeno-scaled.png","contentUrl":"https:\/\/almadetribu.es\/wp-content\/uploads\/2025\/10\/La-Reconquista_070326_Flyer-pequeno-scaled.png","width":2560,"height":2560},{"@type":"BreadcrumbList","@id":"https:\/\/almadetribu.es\/producto\/el-despertar-del-otono-18-oct-25\/#breadcrumb","itemListElement":[{"@type":"ListItem","position":1,"name":"Portada","item":"https:\/\/almadetribu.es\/"},{"@type":"ListItem","position":2,"name":"SHOP","item":"https:\/\/almadetribu.es\/shop\/"},{"@type":"ListItem","position":3,"name":"LA RECONQUISTA, 7 DE MARZO DEL 26"}]},{"@type":"WebSite","@id":"https:\/\/almadetribu.es\/#website","url":"https:\/\/almadetribu.es\/","name":"ALMA DE TRIBU","description":"YOGA FLOW SECRET CLUB","publisher":{"@id":"https:\/\/almadetribu.es\/#organization"},"potentialAction":[{"@type":"SearchAction","target":{"@type":"EntryPoint","urlTemplate":"https:\/\/almadetribu.es\/?s={search_term_string}"},"query-input":{"@type":"PropertyValueSpecification","valueRequired":true,"valueName":"search_term_string"}}],"inLanguage":"en-GB"},{"@type":"Organization","@id":"https:\/\/almadetribu.es\/#organization","name":"Rocío Megía Metta Coach","url":"https:\/\/almadetribu.es\/","logo":{"@type":"ImageObject","inLanguage":"en-GB","@id":"https:\/\/almadetribu.es\/#\/schema\/logo\/image\/","url":"https:\/\/rociomegia.com\/wp-content\/uploads\/2020\/09\/logo-rocio-verde.png","contentUrl":"https:\/\/rociomegia.com\/wp-content\/uploads\/2020\/09\/logo-rocio-verde.png","width":220,"height":60,"caption":"Rocío Megía Metta Coach"},"image":{"@id":"https:\/\/almadetribu.es\/#\/schema\/logo\/image\/"},"sameAs":["https:\/\/www.instagram.com\/rociomegia_mettacoach\/"]}]}</script>
<!-- / Yoast SEO plugin. -->

Sábado 18 de octubre · 11:00–13:30. Movilidad + fuerza elástica + respiración. Solo 20 plazas. ¡Reserva tu sitio hoy!

Rocío Megía Metta Coach
